{"id":973,"date":"2020-03-04T11:32:11","date_gmt":"2020-03-04T11:32:11","guid":{"rendered":"http:\/\/agnieszkakrawczyk.pl\/?page_id=973"},"modified":"2020-03-04T11:32:12","modified_gmt":"2020-03-04T11:32:12","slug":"cztery-zbrodnie-na-cztery-pory-roku","status":"publish","type":"page","link":"http:\/\/agnieszkakrawczyk.pl\/?page_id=973","title":{"rendered":"Cztery zbrodnie na cztery pory roku"},"content":{"rendered":"\n<hr class=\"wp-block-separator\"\/>\n\n\n\n<div class=\"wp-block-image\"><figure class=\"aligncenter size-large\"><img loading=\"lazy\" width=\"320\" height=\"400\" src=\"http:\/\/agnieszkakrawczyk.pl\/wp-content\/uploads\/2020\/03\/cztery-zbrodnie.jpg\" alt=\"\" class=\"wp-image-975\" srcset=\"http:\/\/agnieszkakrawczyk.pl\/wp-content\/uploads\/2020\/03\/cztery-zbrodnie.jpg 320w, http:\/\/agnieszkakrawczyk.pl\/wp-content\/uploads\/2020\/03\/cztery-zbrodnie-240x300.jpg 240w\" sizes=\"(max-width: 320px) 100vw, 320px\" \/><\/figure><\/div>\n\n\n\n<p>&#8222;Cztery zbrodnie na cztery pory roku&#8221; to zbi\u00f3r opowiada\u0144 kryminalnych autorstwa Marty Guzowskiej i Agnieszki Krawczyk.<\/p>\n\n\n\n<div class=\"wp-block-group\"><div class=\"wp-block-group__inner-container\">\n<p>Spis tre\u015bci:<\/p>\n\n\n\n<ul><li> Agnieszka Krawczyk: Wiosna \u2013 Drzewo samob\u00f3jc\u00f3w <\/li><li>Marta Guzowska: Lato \u2013 Kwestia czasu <\/li><li>Agnieszka Krawczyk: Jesie\u0144 \u2013 Wyjazd integracyjny <\/li><li>Marta Guzowska: Zima \u2013 Zimny poranek <\/li><\/ul>\n<\/div><\/div>\n\n\n\n<hr class=\"wp-block-separator\"\/>\n\n\n\n<div class=\"wp-block-group\"><div class=\"wp-block-group__inner-container\"><p><script type=\"text\/javascript\" src=\"https:\/\/buybox.click\/js\/bb-widget.min.js\" async=\"\"><\/script><\/p>\n<div class=\"bb-widget\" id=\"buybox-cqjq\" data-bb-id=\"9776\" data-bb-oid=\"2647539\" ><\/div>\n<\/div><\/div>\n\n\n\n<hr class=\"wp-block-separator\"\/>\n","protected":false},"excerpt":{"rendered":"<p>&#8222;Cztery zbrodnie na cztery pory roku&#8221; to zbi\u00f3r opowiada\u0144 kryminalnych autorstwa Marty Guzowskiej i Agnieszki Krawczyk. Spis tre\u015bci: Agnieszka Krawczyk: Wiosna \u2013 Drzewo samob\u00f3jc\u00f3w Marta Guzowska: Lato \u2013 Kwestia czasu Agnieszka Krawczyk: Jesie\u0144 \u2013 Wyjazd integracyjny Marta Guzowska: Zima \u2013 Zimny poranek<\/p>\n","protected":false},"author":1,"featured_media":0,"parent":0,"menu_order":0,"comment_status":"open","ping_status":"closed","template":"","meta":[],"_links":{"self":[{"href":"http:\/\/agnieszkakrawczyk.pl\/index.php?rest_route=\/wp\/v2\/pages\/973"}],"collection":[{"href":"http:\/\/agnieszkakrawczyk.pl\/index.php?rest_route=\/wp\/v2\/pages"}],"about":[{"href":"http:\/\/agnieszkakrawczyk.pl\/index.php?rest_route=\/wp\/v2\/types\/page"}],"author":[{"embeddable":true,"href":"http:\/\/agnieszkakrawczyk.pl\/index.php?rest_route=\/wp\/v2\/users\/1"}],"replies":[{"embeddable":true,"href":"http:\/\/agnieszkakrawczyk.pl\/index.php?rest_route=%2Fwp%2Fv2%2Fcomments&post=973"}],"version-history":[{"count":3,"href":"http:\/\/agnieszkakrawczyk.pl\/index.php?rest_route=\/wp\/v2\/pages\/973\/revisions"}],"predecessor-version":[{"id":978,"href":"http:\/\/agnieszkakrawczyk.pl\/index.php?rest_route=\/wp\/v2\/pages\/973\/revisions\/978"}],"wp:attachment":[{"href":"http:\/\/agnieszkakrawczyk.pl\/index.php?rest_route=%2Fwp%2Fv2%2Fmedia&parent=973"}],"curies":[{"name":"wp","href":"https:\/\/api.w.org\/{rel}","templated":true}]}}