{"id":506,"date":"2017-04-27T07:46:37","date_gmt":"2017-04-27T07:46:37","guid":{"rendered":"http:\/\/agnieszkakrawczyk.pl\/?page_id=506"},"modified":"2020-03-01T18:15:53","modified_gmt":"2020-03-01T18:15:53","slug":"sloneczna-przystan","status":"publish","type":"page","link":"http:\/\/agnieszkakrawczyk.pl\/?page_id=506","title":{"rendered":"S\u0142oneczna przysta\u0144"},"content":{"rendered":"\n<hr class=\"wp-block-separator\"\/>\n\n\n\n<p class=\"has-text-align-center\"> Trzecia cz\u0119\u015b\u0107 bestsellerowej serii \u201e<a href=\"http:\/\/agnieszkakrawczyk.pl\/?page_id=898\">Czary Codzienno\u015bci<\/a>\u201d <\/p>\n\n\n\n<div class=\"wp-block-image\"><figure class=\"aligncenter size-large\"><img loading=\"lazy\" width=\"230\" height=\"342\" src=\"http:\/\/agnieszkakrawczyk.pl\/wp-content\/uploads\/2017\/02\/199_981d2753239f6349c0278a892e055ee4_b.jpg\" alt=\"\" class=\"wp-image-400\" srcset=\"http:\/\/agnieszkakrawczyk.pl\/wp-content\/uploads\/2017\/02\/199_981d2753239f6349c0278a892e055ee4_b.jpg 230w, http:\/\/agnieszkakrawczyk.pl\/wp-content\/uploads\/2017\/02\/199_981d2753239f6349c0278a892e055ee4_b-202x300.jpg 202w\" sizes=\"(max-width: 230px) 100vw, 230px\" \/><\/figure><\/div>\n\n\n\n<p>Czasami wszystko musi si\u0119 zagmatwa\u0107, by los m\u00f3g\u0142 wreszcie wskaza\u0107 w\u0142a\u015bciwe rozwi\u0105zanie. <\/p>\n\n\n\n<p>\u017bycie si\u00f3str Niemirskich bardzo si\u0119 skomplikowa\u0142o \u2013 w miasteczku pojawi\u0142 si\u0119 kto\u015b, kto mo\u017ce zniszczy\u0107 mozolnie budowane szcz\u0119\u015bcie. W dodatku rodzinnemu domowi zagra\u017ca niebezpiecze\u0144stwo \u2013 wielka turystyczna inwestycja, kt\u00f3ra ma powsta\u0107 w pobli\u017cu. Agat\u0119, Daniel\u0119 i Tosi\u0119 czekaj\u0105 prze\u0142omowe decyzje. Czy post\u0105pi\u0105 w\u0142a\u015bciwie? Czy czary codzienno\u015bci zadzia\u0142aj\u0105? Kto ostatecznie oka\u017ce si\u0119 przyjacielem, a kto wrogiem? Agata i Daniela musz\u0105 upora\u0107 si\u0119 te\u017c z w\u0142asnymi uczuciami, zada\u0107 sobie kilka pyta\u0144 i znale\u017a\u0107 na nie odpowiedzi. Kocha, lubi, szanuje, nie chce, nie dba, \u017cartuje\u2026<\/p>\n\n\n\n<p>Pod wielk\u0105 lip\u0105 w ogrodzie spe\u0142ni si\u0119 niejedno marzenie, wystarczy tylko zaczeka\u0107 na odpowiedni moment i poprosi\u0107.<\/p>\n\n\n\n<hr class=\"wp-block-separator\"\/>\n\n\n\n<div class=\"wp-block-group\"><div class=\"wp-block-group__inner-container\">\n<p>Recenzje:<\/p>\n\n\n\n<ul><li><a rel=\"noreferrer noopener\" aria-label=\"https:\/\/dropsksiazkowy.pl\/2017\/05\/01\/soneczna-przystan-agnieszka-krawczyk\/ (otwiera si\u0119 na nowej zak\u0142adce)\" href=\"https:\/\/dropsksiazkowy.pl\/2017\/05\/01\/soneczna-przystan-agnieszka-krawczyk\/\" target=\"_blank\">https:\/\/dropsksiazkowy.pl\/2017\/05\/01\/soneczna-przystan-agnieszka-krawczyk\/<\/a><\/li><li><a rel=\"noreferrer noopener\" aria-label=\"http:\/\/rozanygajslow.blogspot.com\/2017\/05\/agnieszka-krawczyk-soneczna-przystan.html (otwiera si\u0119 na nowej zak\u0142adce)\" href=\"http:\/\/rozanygajslow.blogspot.com\/2017\/05\/agnieszka-krawczyk-soneczna-przystan.html\" target=\"_blank\">http:\/\/rozanygajslow.blogspot.com\/2017\/05\/agnieszka-krawczyk-soneczna-przystan.html<\/a><\/li><li><a href=\"https:\/\/katarzynastec.wordpress.com\/2017\/05\/18\/sloneczna-przystan-agnieszka-krawczyk-recenzja\/\" target=\"_blank\" rel=\"noreferrer noopener\" aria-label=\"https:\/\/katarzynastec.wordpress.com\/2017\/05\/18\/sloneczna-przystan-agnieszka-krawczyk-recenzja\/ (otwiera si\u0119 na nowej zak\u0142adce)\">https:\/\/katarzynastec.wordpress.com\/2017\/05\/18\/sloneczna-przystan-agnieszka-krawczyk-recenzja\/<\/a><\/li><\/ul>\n<\/div><\/div>\n\n\n\n<hr class=\"wp-block-separator\"\/>\n\n\n<p><script type=\"text\/javascript\" src=\"https:\/\/buybox.click\/js\/bb-widget.min.js\" async=\"\"><\/script><\/p>\n<div class=\"bb-widget\" id=\"buybox-pygt\" data-bb-id=\"9776\" data-bb-oid=\"14166125\" ><\/div>\n","protected":false},"excerpt":{"rendered":"<p>Trzecia cz\u0119\u015b\u0107 bestsellerowej serii \u201eCzary Codzienno\u015bci\u201d Czasami wszystko musi si\u0119 zagmatwa\u0107, by los m\u00f3g\u0142 wreszcie wskaza\u0107 w\u0142a\u015bciwe rozwi\u0105zanie. \u017bycie si\u00f3str Niemirskich bardzo si\u0119 skomplikowa\u0142o \u2013 w miasteczku pojawi\u0142 si\u0119 kto\u015b, kto mo\u017ce zniszczy\u0107 mozolnie budowane szcz\u0119\u015bcie. W dodatku rodzinnemu domowi zagra\u017ca niebezpiecze\u0144stwo \u2013 wielka turystyczna inwestycja, kt\u00f3ra ma powsta\u0107 w pobli\u017cu. Agat\u0119, Daniel\u0119 i Tosi\u0119 czekaj\u0105 prze\u0142omowe decyzje. Czy post\u0105pi\u0105&hellip;<\/p>\n","protected":false},"author":1,"featured_media":0,"parent":0,"menu_order":0,"comment_status":"open","ping_status":"closed","template":"","meta":[],"_links":{"self":[{"href":"http:\/\/agnieszkakrawczyk.pl\/index.php?rest_route=\/wp\/v2\/pages\/506"}],"collection":[{"href":"http:\/\/agnieszkakrawczyk.pl\/index.php?rest_route=\/wp\/v2\/pages"}],"about":[{"href":"http:\/\/agnieszkakrawczyk.pl\/index.php?rest_route=\/wp\/v2\/types\/page"}],"author":[{"embeddable":true,"href":"http:\/\/agnieszkakrawczyk.pl\/index.php?rest_route=\/wp\/v2\/users\/1"}],"replies":[{"embeddable":true,"href":"http:\/\/agnieszkakrawczyk.pl\/index.php?rest_route=%2Fwp%2Fv2%2Fcomments&post=506"}],"version-history":[{"count":3,"href":"http:\/\/agnieszkakrawczyk.pl\/index.php?rest_route=\/wp\/v2\/pages\/506\/revisions"}],"predecessor-version":[{"id":924,"href":"http:\/\/agnieszkakrawczyk.pl\/index.php?rest_route=\/wp\/v2\/pages\/506\/revisions\/924"}],"wp:attachment":[{"href":"http:\/\/agnieszkakrawczyk.pl\/index.php?rest_route=%2Fwp%2Fv2%2Fmedia&parent=506"}],"curies":[{"name":"wp","href":"https:\/\/api.w.org\/{rel}","templated":true}]}}