{"id":419,"date":"2017-02-24T20:42:23","date_gmt":"2017-02-24T20:42:23","guid":{"rendered":"http:\/\/agnieszkakrawczyk.pl\/?page_id=419"},"modified":"2022-04-06T10:50:51","modified_gmt":"2022-04-06T10:50:51","slug":"cialo","status":"publish","type":"page","link":"http:\/\/agnieszkakrawczyk.pl\/?page_id=419","title":{"rendered":"Cia\u0142o"},"content":{"rendered":"\n<hr class=\"wp-block-separator\"\/>\n\n\n\n<p class=\"has-text-align-center\"> Co \u0142\u0105czy potworne znalezisko z wiede\u0144skiej pla\u017cy i ludzk\u0105 sk\u00f3r\u0119 wy\u0142owion\u0105 przed laty w Krakowie? <\/p>\n\n\n\n<div class=\"wp-block-image\"><figure class=\"aligncenter size-large\"><img loading=\"lazy\" width=\"230\" height=\"342\" src=\"http:\/\/agnieszkakrawczyk.pl\/wp-content\/uploads\/2017\/02\/176_bc91bf77dbd2ea8327f0171b6cecc3db_b.jpg\" alt=\"\" class=\"wp-image-394\" srcset=\"http:\/\/agnieszkakrawczyk.pl\/wp-content\/uploads\/2017\/02\/176_bc91bf77dbd2ea8327f0171b6cecc3db_b.jpg 230w, http:\/\/agnieszkakrawczyk.pl\/wp-content\/uploads\/2017\/02\/176_bc91bf77dbd2ea8327f0171b6cecc3db_b-202x300.jpg 202w\" sizes=\"(max-width: 230px) 100vw, 230px\" \/><figcaption>Cia\u0142o wydanie I (2017)<\/figcaption><\/figure><\/div>\n\n\n\n<div class=\"wp-block-image\"><figure class=\"aligncenter size-full\"><a href=\"http:\/\/agnieszkakrawczyk.pl\/wp-content\/uploads\/2022\/04\/cialo-2-2.jpg\"><img loading=\"lazy\" width=\"199\" height=\"300\" src=\"http:\/\/agnieszkakrawczyk.pl\/wp-content\/uploads\/2022\/04\/cialo-2-2.jpg\" alt=\"\" class=\"wp-image-1138\"\/><\/a><figcaption>Cia\u0142o wydanie II (2021)<\/figcaption><\/figure><\/div>\n\n\n\n<p>Koniec lata. Na G\u00e4nseh\u00e4ufel, pla\u017cy nad Dunajem, odpoczywaj\u0105 ca\u0142e rodziny. K\u0105pi\u0105cy si\u0119 m\u0142odzi ludzie zauwa\u017caj\u0105 w wodzie dziwny przedmiot. Po bli\u017cszych ogl\u0119dzinach okazuje si\u0119, \u017ce jest to ludzka sk\u00f3ra.<\/p>\n\n\n\n<p>Paulina Weber, historyczka sztuki na uniwersytecie w Wiedniu, interesuje si\u0119 tematyk\u0105 okrucie\u0144stwa w sztuce. Jej by\u0142y m\u0105\u017c, policjant Max Haas, \u0142\u0105czy spraw\u0119 z pla\u017cy i przypadek sprzed 15 lat, kiedy to w Polsce wy\u0142owiono z Wis\u0142y sk\u00f3r\u0119 zdj\u0119t\u0105 z cia\u0142a m\u0142odej dziewczyny. Wiede\u0144ska komenda prosi o konsultacje analityka z Krakowa, Henryka Macha, okrzykni\u0119tego specjalist\u0105 od psychopat\u00f3w. Paulina jest zafascynowana Machem, cz\u0142owiekiem o niezwyk\u0142ej inteligencji i wra\u017cliwo\u015bci na granicy neurozy.<\/p>\n\n\n\n<p>Weber niespodziewanie otrzymuje e-mail z cytatem z Baudelaire\u2019a i zdj\u0119ciem wy\u0142owionej przez policj\u0119 ludzkiej nogi.<\/p>\n\n\n\n<p>A to dopiero pocz\u0105tek makabrycznego ci\u0105gu wydarze\u0144.<\/p>\n\n\n\n<p><\/p>\n\n\n\n<hr class=\"wp-block-separator\"\/>\n\n\n\n<div class=\"wp-block-group\"><div class=\"wp-block-group__inner-container\">\n<p>Recenzje:<\/p>\n\n\n\n<ul><li><a rel=\"noreferrer noopener\" aria-label=\"http:\/\/www.portalkryminalny.pl\/aktualnosci\/recenzje\/cialo-iga-horn (otwiera si\u0119 na nowej zak\u0142adce)\" href=\"http:\/\/www.portalkryminalny.pl\/aktualnosci\/recenzje\/cialo-iga-horn\" target=\"_blank\">http:\/\/www.portalkryminalny.pl\/aktualnosci\/recenzje\/cialo-iga-horn<\/a><\/li><li><a rel=\"noreferrer noopener\" aria-label=\"http:\/\/dajprzeczytac.blogspot.com\/2017\/03\/ciao-iga-horn.html (otwiera si\u0119 na nowej zak\u0142adce)\" href=\"http:\/\/dajprzeczytac.blogspot.com\/2017\/03\/ciao-iga-horn.html\" target=\"_blank\">http:\/\/dajprzeczytac.blogspot.com\/2017\/03\/ciao-iga-horn.html<\/a><\/li><li><a rel=\"noreferrer noopener\" aria-label=\"https:\/\/www.okryminalach.pl\/cialo-iga-horn\/ (otwiera si\u0119 na nowej zak\u0142adce)\" href=\"https:\/\/www.okryminalach.pl\/cialo-iga-horn\/\" target=\"_blank\">https:\/\/www.okryminalach.pl\/cialo-iga-horn\/<\/a><\/li><li><a href=\"http:\/\/www.mozaikaliteracka.pl\/2017\/03\/ciao-iga-horn-gdzie-ukryte-sa-granice.html\" target=\"_blank\" rel=\"noreferrer noopener\" aria-label=\"http:\/\/www.mozaikaliteracka.pl\/2017\/03\/ciao-iga-horn-gdzie-ukryte-sa-granice.html (otwiera si\u0119 na nowej zak\u0142adce)\">http:\/\/www.mozaikaliteracka.pl\/2017\/03\/ciao-iga-horn-gdzie-ukryte-sa-granice.html<\/a><\/li><\/ul>\n<\/div><\/div>\n\n\n\n<hr class=\"wp-block-separator\"\/>\n\n\n","protected":false},"excerpt":{"rendered":"<p>Co \u0142\u0105czy potworne znalezisko z wiede\u0144skiej pla\u017cy i ludzk\u0105 sk\u00f3r\u0119 wy\u0142owion\u0105 przed laty w Krakowie? Koniec lata. Na G\u00e4nseh\u00e4ufel, pla\u017cy nad Dunajem, odpoczywaj\u0105 ca\u0142e rodziny. K\u0105pi\u0105cy si\u0119 m\u0142odzi ludzie zauwa\u017caj\u0105 w wodzie dziwny przedmiot. Po bli\u017cszych ogl\u0119dzinach okazuje si\u0119, \u017ce jest to ludzka sk\u00f3ra. Paulina Weber, historyczka sztuki na uniwersytecie w Wiedniu, interesuje si\u0119 tematyk\u0105 okrucie\u0144stwa w sztuce. Jej by\u0142y&hellip;<\/p>\n","protected":false},"author":1,"featured_media":0,"parent":0,"menu_order":0,"comment_status":"closed","ping_status":"closed","template":"","meta":[],"_links":{"self":[{"href":"http:\/\/agnieszkakrawczyk.pl\/index.php?rest_route=\/wp\/v2\/pages\/419"}],"collection":[{"href":"http:\/\/agnieszkakrawczyk.pl\/index.php?rest_route=\/wp\/v2\/pages"}],"about":[{"href":"http:\/\/agnieszkakrawczyk.pl\/index.php?rest_route=\/wp\/v2\/types\/page"}],"author":[{"embeddable":true,"href":"http:\/\/agnieszkakrawczyk.pl\/index.php?rest_route=\/wp\/v2\/users\/1"}],"replies":[{"embeddable":true,"href":"http:\/\/agnieszkakrawczyk.pl\/index.php?rest_route=%2Fwp%2Fv2%2Fcomments&post=419"}],"version-history":[{"count":8,"href":"http:\/\/agnieszkakrawczyk.pl\/index.php?rest_route=\/wp\/v2\/pages\/419\/revisions"}],"predecessor-version":[{"id":1139,"href":"http:\/\/agnieszkakrawczyk.pl\/index.php?rest_route=\/wp\/v2\/pages\/419\/revisions\/1139"}],"wp:attachment":[{"href":"http:\/\/agnieszkakrawczyk.pl\/index.php?rest_route=%2Fwp%2Fv2%2Fmedia&parent=419"}],"curies":[{"name":"wp","href":"https:\/\/api.w.org\/{rel}","templated":true}]}}