{"id":30,"date":"2014-05-17T18:08:41","date_gmt":"2014-05-17T18:08:41","guid":{"rendered":"http:\/\/agnieszkakrawczyk.pl\/?page_id=30"},"modified":"2017-07-24T20:53:12","modified_gmt":"2017-07-24T20:53:12","slug":"napisz-do-mnie","status":"publish","type":"page","link":"http:\/\/agnieszkakrawczyk.pl\/?page_id=30","title":{"rendered":"Napisz do mnie"},"content":{"rendered":"<p>Mo\u017cna si\u0119 ze mn\u0105 skontaktowa\u0107 przez FB <a href=\"https:\/\/www.facebook.com\/ag.krawczyk\/?fref=nf\">Tutaj<\/a><\/p>\n<p>lub napisa\u0107 mail: ag.krawczyk@o2.pl<\/p>\n<p><a href=\"http:\/\/agnieszkakrawczyk.pl\/wp-content\/uploads\/2014\/01\/Agnieszka-sesja-portretowa-131.jpg\"><img loading=\"lazy\" class=\"size-medium wp-image-19 aligncenter\" src=\"http:\/\/agnieszkakrawczyk.pl\/wp-content\/uploads\/2014\/01\/Agnieszka-sesja-portretowa-131-199x300.jpg\" alt=\"Agnieszka-sesja-portretowa-131.jpg\" width=\"199\" height=\"300\" srcset=\"http:\/\/agnieszkakrawczyk.pl\/wp-content\/uploads\/2014\/01\/Agnieszka-sesja-portretowa-131-199x300.jpg 199w, http:\/\/agnieszkakrawczyk.pl\/wp-content\/uploads\/2014\/01\/Agnieszka-sesja-portretowa-131.jpg 532w\" sizes=\"(max-width: 199px) 100vw, 199px\" \/><\/a><\/p>\n","protected":false},"excerpt":{"rendered":"<p>Mo\u017cna si\u0119 ze mn\u0105 skontaktowa\u0107 przez FB Tutaj lub napisa\u0107 mail: ag.krawczyk@o2.pl<\/p>\n","protected":false},"author":1,"featured_media":0,"parent":0,"menu_order":0,"comment_status":"open","ping_status":"open","template":"","meta":[],"_links":{"self":[{"href":"http:\/\/agnieszkakrawczyk.pl\/index.php?rest_route=\/wp\/v2\/pages\/30"}],"collection":[{"href":"http:\/\/agnieszkakrawczyk.pl\/index.php?rest_route=\/wp\/v2\/pages"}],"about":[{"href":"http:\/\/agnieszkakrawczyk.pl\/index.php?rest_route=\/wp\/v2\/types\/page"}],"author":[{"embeddable":true,"href":"http:\/\/agnieszkakrawczyk.pl\/index.php?rest_route=\/wp\/v2\/users\/1"}],"replies":[{"embeddable":true,"href":"http:\/\/agnieszkakrawczyk.pl\/index.php?rest_route=%2Fwp%2Fv2%2Fcomments&post=30"}],"version-history":[{"count":9,"href":"http:\/\/agnieszkakrawczyk.pl\/index.php?rest_route=\/wp\/v2\/pages\/30\/revisions"}],"predecessor-version":[{"id":616,"href":"http:\/\/agnieszkakrawczyk.pl\/index.php?rest_route=\/wp\/v2\/pages\/30\/revisions\/616"}],"wp:attachment":[{"href":"http:\/\/agnieszkakrawczyk.pl\/index.php?rest_route=%2Fwp%2Fv2%2Fmedia&parent=30"}],"curies":[{"name":"wp","href":"https:\/\/api.w.org\/{rel}","templated":true}]}}