{"id":22,"date":"2014-01-06T20:59:45","date_gmt":"2014-01-06T20:59:45","guid":{"rendered":"http:\/\/agnieszkakrawczyk.pl\/?page_id=22"},"modified":"2020-03-02T20:54:29","modified_gmt":"2020-03-02T20:54:29","slug":"napisz-na-priv","status":"publish","type":"page","link":"http:\/\/agnieszkakrawczyk.pl\/?page_id=22","title":{"rendered":"Noc zimowego przesilenia"},"content":{"rendered":"\n<hr class=\"wp-block-separator\"\/>\n\n\n\n<p class=\"has-text-align-center\">Wci\u0105gaj\u0105cy krymina\u0142, kt\u00f3rego akcja toczy si\u0119 w okupowanym Krakowie<\/p>\n\n\n\n<div class=\"wp-block-image\"><figure class=\"aligncenter size-large\"><img loading=\"lazy\" width=\"321\" height=\"500\" src=\"http:\/\/agnieszkakrawczyk.pl\/wp-content\/uploads\/2014\/05\/noc-zimowego-przesilenia-b-iext24957442.jpg\" alt=\"\" class=\"wp-image-28\" srcset=\"http:\/\/agnieszkakrawczyk.pl\/wp-content\/uploads\/2014\/05\/noc-zimowego-przesilenia-b-iext24957442.jpg 321w, http:\/\/agnieszkakrawczyk.pl\/wp-content\/uploads\/2014\/05\/noc-zimowego-przesilenia-b-iext24957442-192x300.jpg 192w\" sizes=\"(max-width: 321px) 100vw, 321px\" \/><\/figure><\/div>\n\n\n\n<p>Jest rok 1941, trwa okupacja niemiecka. Krak\u00f3w sta\u0142 si\u0119 siedzib\u0105 Generalnego Gubernatorstwa, a na Wawelu powiewaj\u0105 hitlerowskie flagi. W tajemniczych okoliczno\u015bciach znika s\u0142ynny jasnowidz, Julian Orwat, mistrz w odnajdywaniu zaginionych os\u00f3b i dokument\u00f3w. Jego zrozpaczona siostra prosi o pomoc detektywa Artura Za\u0142uskiego. \u015aledztwo&nbsp; zaczyna si\u0119 jednak komplikowa\u0107 \u2013 okazuje si\u0119, \u017ce znikni\u0119cie jasnowidza to jedynie wierzcho\u0142ek g\u00f3ry lodowej, bo w Krakowie porywane s\u0105 m\u0142ode kobiety. Jakby tego by\u0142o ma\u0142o, na drodze detektywa staje pi\u0119kna i niebezpieczna Agnes Petzoldt, niemiecka baron\u00f3wna, ulubienica Hitlera, poszukuj\u0105ca na jego rozkaz rzadkich dzie\u0142 sztuki.<\/p>\n\n\n\n<p><em>Noc zimowego przesilenia<\/em> to pasjonuj\u0105ca opowie\u015b\u0107, w kt\u00f3rej  mieszaj\u0105 si\u0119 w\u0105tki sensacyjne i kryminalne. Gra wywiad\u00f3w, tajne  stowarzyszenia okultystyczne, mi\u0142o\u015b\u0107, zdrada \u00a0i \u015bmier\u0107 \u2013 a to wszystko w  scenerii Krakowa czas\u00f3w drugiej wojny \u015bwiatowej. <\/p>\n\n\n\n<hr class=\"wp-block-separator\"\/>\n\n\n\n<div class=\"wp-block-group\"><div class=\"wp-block-group__inner-container\">\n<p>Recenzje:<\/p>\n\n\n\n<ul><li><a rel=\"noreferrer noopener\" aria-label=\"https:\/\/www.subiektywnieoksiazkach.pl\/2014\/09\/noc-zimowego-przesilenia-agnieszka.html (otwiera si\u0119 na nowej zak\u0142adce)\" href=\"https:\/\/www.subiektywnieoksiazkach.pl\/2014\/09\/noc-zimowego-przesilenia-agnieszka.html\" target=\"_blank\">https:\/\/www.subiektywnieoksiazkach.pl\/2014\/09\/noc-zimowego-przesilenia-agnieszka.html<\/a><\/li><li><a rel=\"noreferrer noopener\" aria-label=\"https:\/\/wasilka-slowajakmarzenia.blogspot.com\/2016\/01\/noc-zimowego-przesilenia-agnieszka.html (otwiera si\u0119 na nowej zak\u0142adce)\" href=\"https:\/\/wasilka-slowajakmarzenia.blogspot.com\/2016\/01\/noc-zimowego-przesilenia-agnieszka.html\" target=\"_blank\">https:\/\/wasilka-slowajakmarzenia.blogspot.com\/2016\/01\/noc-zimowego-przesilenia-agnieszka.html<\/a><\/li><li><a href=\"http:\/\/dlalejdis.pl\/artykuly\/noc_zimowego_przesilenia_recenzja\" target=\"_blank\" rel=\"noreferrer noopener\" aria-label=\"http:\/\/dlalejdis.pl\/artykuly\/noc_zimowego_przesilenia_recenzja (otwiera si\u0119 na nowej zak\u0142adce)\">http:\/\/dlalejdis.pl\/artykuly\/noc_zimowego_przesilenia_recenzja<\/a><\/li><\/ul>\n<\/div><\/div>\n\n\n\n<hr class=\"wp-block-separator\"\/>\n\n\n<p><script type=\"text\/javascript\" src=\"https:\/\/buybox.click\/js\/bb-widget.min.js\" async=\"\"><\/script><\/p>\n<div class=\"bb-widget\" id=\"buybox-itto\" data-bb-id=\"9776\" data-bb-oid=\"8484343\" ><\/div>\n","protected":false},"excerpt":{"rendered":"<p>Wci\u0105gaj\u0105cy krymina\u0142, kt\u00f3rego akcja toczy si\u0119 w okupowanym Krakowie Jest rok 1941, trwa okupacja niemiecka. Krak\u00f3w sta\u0142 si\u0119 siedzib\u0105 Generalnego Gubernatorstwa, a na Wawelu powiewaj\u0105 hitlerowskie flagi. W tajemniczych okoliczno\u015bciach znika s\u0142ynny jasnowidz, Julian Orwat, mistrz w odnajdywaniu zaginionych os\u00f3b i dokument\u00f3w. Jego zrozpaczona siostra prosi o pomoc detektywa Artura Za\u0142uskiego. \u015aledztwo&nbsp; zaczyna si\u0119 jednak komplikowa\u0107 \u2013 okazuje si\u0119, \u017ce&hellip;<\/p>\n","protected":false},"author":1,"featured_media":0,"parent":0,"menu_order":0,"comment_status":"open","ping_status":"open","template":"","meta":[],"_links":{"self":[{"href":"http:\/\/agnieszkakrawczyk.pl\/index.php?rest_route=\/wp\/v2\/pages\/22"}],"collection":[{"href":"http:\/\/agnieszkakrawczyk.pl\/index.php?rest_route=\/wp\/v2\/pages"}],"about":[{"href":"http:\/\/agnieszkakrawczyk.pl\/index.php?rest_route=\/wp\/v2\/types\/page"}],"author":[{"embeddable":true,"href":"http:\/\/agnieszkakrawczyk.pl\/index.php?rest_route=\/wp\/v2\/users\/1"}],"replies":[{"embeddable":true,"href":"http:\/\/agnieszkakrawczyk.pl\/index.php?rest_route=%2Fwp%2Fv2%2Fcomments&post=22"}],"version-history":[{"count":7,"href":"http:\/\/agnieszkakrawczyk.pl\/index.php?rest_route=\/wp\/v2\/pages\/22\/revisions"}],"predecessor-version":[{"id":930,"href":"http:\/\/agnieszkakrawczyk.pl\/index.php?rest_route=\/wp\/v2\/pages\/22\/revisions\/930"}],"wp:attachment":[{"href":"http:\/\/agnieszkakrawczyk.pl\/index.php?rest_route=%2Fwp%2Fv2%2Fmedia&parent=22"}],"curies":[{"name":"wp","href":"https:\/\/api.w.org\/{rel}","templated":true}]}}